 - 6*5/(-10). Suppose -3*h + 7 = -g, 0 = -y*g - 3*h - 36 + 3. Let q(n) = -n**2 - 11*n - 14. Calculate q(g).
-4
Let w(m) = -49*m + 440. Suppose -43*k = -21*k + 109*k - 1179. Calculate w(k).
-1
Let d(f) = -f**3 + 4*f**2 - 5. Let n = -3939 - -3943. Determine d(n).
-5
Let q(a) = -20*a - 26. Let i(m) = 39*m + 51. Let h(n) = 3*i(n) + 5*q(n). Let c be h(13). Let v(g) = -129 + c - 123 + g - g**2. Determine v(0).
-8
Let q(d) = -30*d + 308. Let k(a) = 3*a - 27. Let l(h) = 42*k(h) + 3*q(h). What is l(6)?
6
Suppose -4*k + 4*h - 20 = 0, 2*k + 2*h - 3 = -1. Let v(p) = 4*p - 9. Let f(a) = -a + 2. Let q(n) = k*v(n) - 9*f(n). Let x be (-14)/(-4)*24/14. Calculate q(x).
6
Let u(x) = 12*x**2 - 8*x**2 + 22*x + 80 - 13 + 20*x**2 - x**3. What is u(25)?
-8
Let g(m) be the second derivative of m**5/20 - m**4/2 + 7*m**3/6 - 37*m**2/2 - 39*m + 28. What is g(6)?
5
Let i(n) be the second derivative of -n**5/10 + n**4/6 + n**3/6 - n**2/2 - 15732*n - 1. Let c = -1 + 0. Calculate i(c).
2
Let f be (1 - 6)*(-4)/10. Let o(n) = 5*n**2 + 7 + 3*n - 8*n + n**3 + n**f. Suppose -199*h = -195*h + 28. Determine o(h).
-7
Let h(d) = 5*d**3 + 45*d**2 + 37*d + 33. Let v(x) = -2*x**3 - 16*x**2 - 13*x - 11. Let w(t) = -3*h(t) - 8*v(t). What is w(8)?
-3
Let u(i) = -8*i + 8*i**2 + 10 + 4*i**3 - i - 3*i**3. Let q(w) = 12*w**2 + 1946*w + 315. Let f be q(-162). What is u(f)?
10
Let x(o) = -5*o**3 + 31*o**2 + o + 33. Let y(u) = 9*u**3 - 58*u**2 - u - 67. Let b(d) = -7*x(d) - 4*y(d). Calculate b(15).
-8
Suppose -2*b + 5*b - 15 = 0, 5*h + 4*b = 0. Let d(y) be the second derivative of y**5/20 + 5*y**4/12 + y**3/2 - 2*y**2 - 2128*y + 3. Give d(h).
0
Let t(o) = o**3 + o - 8. Let v be (4 - 4)/((-99)/11). Determine t(v).
-8
Suppose -57 = 2*x - 21*x. Let y(z) = x - z**3 - 6 + 8*z**2 - 6 + 2 + 5*z. Give y(8).
33
Let x(i) = 2*i**2 + 55*i + 25. Let v be x(-27). Let r(j) = j**3 + j**2 + 1. Let w(l) = -l**3 - 3*l**2 + l - 30. Let u(d) = v*r(d) - w(d). What is u(0)?
28
Let i(z) = 20*z**3 + z - 1. Let j be i(1). Let v = -1134 + 1160. Let t = v - j. Let d(y) = y**3 - 7*y**2 + 3*y. Calculate d(t).
-18
Let w(l) = l**2 + 3*l - 6. Let z be w(2). Let y(j) be the first derivative of -j**4/4 + 4*j**3/3 + j**2 - 7*j + 148. What is y(z)?
1
Let x(t) = t**2 - 23*t - 21*t - 17*t + 65*t + 4. Suppose 16 - 4 = -4*i. Determine x(i).
1
Let i = -1458 + 1458. Let f(p) = -p**3 - p**2 + p - 28. What is f(i)?
-28
Let t(i) = 174*i + 7. Let p(a) = -32*a. Let w(h) = -6*p(h) - t(h). Calculate w(1).
11
Let o(x) = -x**3 + 12*x**2 + 31*x - 36. Let t be (-7)/((-13)/(-234)*-9). Determine o(t).
6
Let k = -11 - -21. Let u(i) = -i - i + 49133 - 49131. What is u(k)?
-18
Let a(p) = -p**2 - p + 26. Let j(g) = -2*g**3 + 24*g**2 + 4*g - 48. Let b be j(12). Determine a(b).
26
Let s be (4/2)/(8/12 - 0). Let o(a) = 3*a**2 + 4*a - 13. Let z be o(s). Let h = z + -30. Let q(m) = -m**2 - 7*m + 3. Determine q(h).
15
Let z(w) = w**2 + 75*w + 70. Let q = -21275 - -21201. Determine z(q).
-4
Let l be (1/(-4))/(197/(-28) - (-98)/14). Let p(v) = 2*v - 2. Let o(c) be the second derivative of c**3/6 - c**2/2 + c. Let y(q) = l*o(q) - 2*p(q). Give y(2).
3
Let y(j) = -7*j - 4. Let n(m) = -15*m - 9. Suppose -4*g + 2*g - 2 = 0. Let l be g/4 - (-2 + (-45)/(-12)). Let z(s) = l*n(s) + 5*y(s). Determine z(2).
-12
Let v(r) = -2 - 43*r - 43*r + 41*r + 4*r**2 - r**3 + 44*r. Suppose -b = 3*b - 8. Give v(b).
4
Suppose -3*m + 9 = -0*m. Let a(w) = 2*w - 8 - 2*w + w - m*w. Let c(v) = -2*v**2 + 86*v - 450. Let f be c(6). Give a(f).
4
Let t = 232 - 230. Let m(a) = a**2 + 13*a + 0*a**t + 1 - 3 - 27*a + 13*a. Give m(2).
0
Let b(m) = -m + 46. Suppose 8*f - 22*f = -112. Give b(f).
38
Let d(f) = 2*f**2 + 2*f - 28. Suppose 539 = 497*g - 1055 - 394. What is d(g)?
12
Suppose 2*y - 10*y + 64 = 0. Suppose -y*k - 4*k = 72. Let m(j) = j**3 + 6*j**2 + 1. Give m(k).
1
Let r(m) = -m**3 - 5*m**2 + 14*m + 2. Let q be r(-7). Let z(o) = -1 - 3*o - q*o**3 + 9 + o**3 - 348*o**2 + 358*o**2. What is z(10)?
-22
Let k(v) = 210398*v**2 - 105201*v**2 - 105198*v**2 - 561 + 59*v. What is k(47)?
3
Let j = -5574 - -5576. Suppose 2*y = -4*r + 8, -5*r - 3 = 2. Let g(a) = -7 + 0*a**2 - a + 10*a**j + y + 2*a. Determine g(1).
10
Let m(y) = -y**3 - 5*y**2 - 5*y. Let d be m(-4). Let c(t) = 5 + 14*t - 11*t - 2*t - 5*t. Calculate c(d).
-11
Suppose -3*o + 0*o = -54. Suppose 2*v + 4*v - o = 0. Let k(t) = -1 - 12*t + 6 - v + 3*t. Determine k(-2).
20
Let b(j) = 20*j**2 - 21*j - 11. Let g(h) = 4*h + 310 - 11*h - 314 + 7*h**2. Let v(i) = 6*b(i) - 17*g(i). Calculate v(5).
-8
Let h(l) be the first derivative of -13*l**3/3 + 4*l**2 - 7*l + 8763. Determine h(1).
-12
Let d(o) = o**3 + o**2 + o + 4. Let r = -183 - -177. Let w be 0*(-2 - 9/r). Give d(w).
4
Let q(u) be the first derivative of u**4/4 + 4*u**3/3 + 3*u**2/2 + 3*u - 5425. Suppose 0 + 8 = -4*n. Determine q(n).
5
Let s = 20 + -17. Let x(l) = -5*l + 0*l + 2 + 10*l. Let m(q) = 10*q + 5. Let f(p) = s*m(p) - 7*x(p). What is f(3)?
-14
Let a(u) = 11*u - 5. Let z(l) = 10*l - 6. Suppose -39 + 15 = -4*k. Let t(y) = k*a(y) - 5*z(y). Suppose 0 = 6622*m - 6635*m - 13. What is t(m)?
-16
Let d(v) = -4*v**2 - 10*v - 9. Suppose 0 = 5*j - 3 - 17, -4*u + 4*j - 32 = 0. Determine d(u).
-33
Let s(m) = 133*m - 17. Let w(k) = -16*k + 4. Let a(n) = -s(n) - 5*w(n). What is a(2)?
-109
Let g(u) = u**3 - 2*u**2 + 2*u + 4. Let c = -609 + 613. Calculate g(c).
44
Let x(a) = 2*a**3 - a**2 - a - 1. Let v(k) = -4*k**3 - 2*k**2 + 2. Let g(t) = v(t) + x(t). Let r = 7 + -6. Let q be 0/(-5) + r + -3. Calculate g(q).
7
Let w(c) be the second derivative of -4*c - 3*c**2 + 3 - 1/12*c**4 - 2/3*c**3. Determine w(-4).
-6
Let h = 4864 + -4858. Let d(f) = f**2 - 16*f + 66. Calculate d(h).
6
Suppose 205 = -8*b + 141. Let h be 3/(-6)*b - 0/15. Let v(y) = -y**2 + 2*y + 4. Give v(h).
-4
Let w(d) = -3*d**2. Suppose 0 = -a - 4*s + 110, -s = -10*a + 6*a + 406. Suppose -a*z + 6 = -99*z. Give w(z).
-12
Suppose 20 = -4*h + 8*h. Suppose 0 = -2*c + h*y + 32, c + y = 2*c - 13. Let k(b) = -c + 3*b + 9 - 2*b. Determine k(-2).
-4
Let h(y) = -y**3 - 8*y**2 + 1. Let s = 2 - 0. Let b be s - 7/3 - 101/3. Let i = b - -26. Give h(i).
1
Let r(i) = -i + 15 - 27 + 5. Let t(w) = w + 5. Let o(x) = -3*r(x) - 4*t(x). Suppose 0*f = -2*f - 14. Calculate o(f).
8
Let l(j) = -j**3 - 6*j**2 - 5*j. Suppose 17*x - 2*d = -3*d - 102, 0 = 4*d. Give l(x).
30
Suppose -5*s + 4*s = -16. Let v = s - 15. Let l(h) = -32*h**2 + 2*h - 123. Let g(q) = 16*q**2 - q + 67. Let j(x) = 11*g(x) + 6*l(x). What is j(v)?
-16
Let l(r) = -27*r - 24. Let t(k) = 2*k + 3. Let h(s) = l(s) + 9*t(s). Let v be (-408)/52 - 2/13. Let m be 8/3 + v/12. What is h(m)?
-15
Let z(w) be the second derivative of w**5/20 + 5*w**4/6 + 7*w**3/6 - 11*w**2/2 - 511*w. Give z(-9).
7
Let z(u) = 3*u**2 + 3*u - 3. Suppose -32 + 16 = -4*b. Suppose 5*a = -7*o + 4*o + 9, -4*o + 12 = -b*a. Determine z(o).
33
Let j(h) = -22 + 219 - 29908*h + 171 - 29905*h + 59828*h. What is j(-25)?
-7
Let d(g) = -4*g + 6. Let m(i) = -5*i - 168. Let q be m(-36). Let t be (-4)/q*(-11 - -2). Calculate d(t).
-6
Let z(y) = -132 + 6*y + 494 - 231 - 135. What is z(3)?
14
Let q(i) be the third derivative of -i**6/120 - i**5/15 - i**4/6 - i**3/3 + 4*i**2 - 74*i - 3. Let g be ((-16)/6)/(-4)*-3. Determine q(g).
-2
Let w(s) be the third derivative of -s**5/60 + s**4/3 + 3*s**3/2 + 32*s**2 + 9. What is w(9)?
0
Suppose 137 = -36*h + 29. Let m(d) = -d**3 - 2*d**2 + 5*d + 4. What is m(h)?
-2
Let t(p) = 10*p + 237. Let f be t(-25). Let z(m) = -m**2 - 18*m - 12. Determine z(f).
53
Let c(r) be the first derivative of 3*r**4/4 + 9*r**3 - 3*r**2/2 + 10*r + 315. Determine c(-9).
37
Let l be (-16)/(-6)*54/24. Let g(f) = 5*f**2 - 2. Let w(i) = 14*i**2 - 3*i - 4. Let b(u) = -8*g(u) + 3*w(u). Determine b(l).
22
Let s be (-25 - -267)/11 + -6. Let u(o) = 2*o - 29. Calculate u(s).
3
Let w(y) = y**2 - 6*y - 76. Let z be w(-6). Let q(g) = g**3 + 3*g**2 - 6*g - 3. Calculate q(z).
5
Suppose i + 4*u = -7, -i + 333*u = 330*u + 14. Let x(q) = q**3 + 10*q**2 - 8*q + 24. Determine x(i).
-9
Let g(c) = 16*c**3 - c**2 + 5*c + 4. Let p be g(-2). Let s = p + 142. Let b(n) = n**3 - 4*n**2 - 5*n. Give b(s).
-20
Let b(x) be the second derivative of 0 + 1/12*x**4 - 11/2*x**2 - 30*x - 11/6*x**3. Give b(11).
-11
Let s(z) = -z**2 - 6*z + 1. Let l(h) = -16*h**2 + 30 - 35 + 15*